the remainder when 96 is divided by ((-142)/(-7) - 0) + 16/p.
16
Suppose 447 = -3*y - 0*y. Let d = 217 + y. Calculate the remainder when d is divided by (-2)/3 + (-330)/(-9).
32
Let c = 479 - 642. Let r = c + 220. Calculate the remainder when r is divided by 32.
25
Suppose 55*t = -5*t + 115080. Calculate the remainder when t is divided by 8.
6
Calculate the remainder when 2/(14/6195*3) is divided by 147.
1
Suppose 0 = 15*z + 258 - 1938. What is the remainder when z is divided by (-267)/(-9) + (-17)/(-51)?
22
Let y = -9906 + 9982. What is the remainder when y is divided by 40?
36
Let o(h) = -40*h + 8. Let v be o(-2). Let y = 165 - v. Calculate the remainder when y is divided by 17.
9
Let s(q) = -7*q + 397. Suppose -35 = 4*y - 307. Calculate the remainder when s(28) is divided by y.
65
Calculate the remainder when (402/2 - 4) + (11 - 11) is divided by 42.
29
Suppose 9 = -3*p, 4*r = -2*p + 7*p + 311. Let h(s) = -s**2 + 4*s + 100. Let i be h(11). Suppose -i*o + 16*o = -77. What is the remainder when r is divided by o?
8
Let n be 10/45 - 472/18. Let x be (-4)/5*(-4 + n)*1. Let p = -12 + x. Calculate the remainder when 22 is divided by p.
10
Suppose 52*f - 50*f = -2, -5*f - 138 = -x. Calculate the remainder when 658 is divided by x.
126
Suppose -1483 = -29*c + 1504. What is the remainder when c is divided by ((-18)/(-8))/(1/16)?
31
Let i = -6570 - -7641. What is the remainder when i is divided by 16?
15
Let z(r) = r**3 + 14*r**2 + 15*r - 3. Let p be z(-13). Calculate the remainder when (0 + p)/((-1)/17) is divided by 55.
53
Let p(u) = u - 6. Let z be p(10). Suppose z*n - 2*d = 10, 0 = 3*n - 3*d + 4*d - 15. Suppose n*h = -0*h + 548. What is the remainder when h is divided by 20?
17
Suppose 1906 = 5*n - 13*b + 17*b, n - 362 = -4*b. Calculate the remainder when n is divided by 24.
2
Suppose 12*v - 16*v + 72 = 0. Suppose 2*q + 2*q - 20 = j, 5*q = 3*j + v. Let o = 400 + -371. What is the remainder when o is divided by q?
5
Let u = 4804 + -4611. Let h = -25 - -75. Calculate the remainder when u is divided by h.
43
Let b be (-9472)/(-111) - ((-4)/6 - -1). Let n = -4 + b. Calculate the remainder when n is divided by 32.
17
Let y(c) = -c - 3. Let p be y(-5). Suppose p*m = d + 139, 4*m - 3*d - 275 = 2*d. Let n = m - 42. What is the remainder when n is divided by 16?
12
Let g(o) = -o**3 - o**2 - o + 1. Let w be g(3). Suppose -4*j - 92 = -4*s, 2 - 17 = 5*j. Calculate the remainder when (-2 - -80) + w/38 is divided by s.
17
Suppose 13*t - 1730634 = -214*t - 55*t. Calculate the remainder when t is divided by 83.
78
Calculate the remainder when (-765)/(-119)*2010 - 5/(105/(-12)) is divided by 16.
10
Let r = 275 - 283. Let b(k) = 5*k**2 + 18*k + 14. What is the remainder when b(r) is divided by 24?
22
Let b = -3044 + 3050. What is the remainder when 346 is divided by b?
4
Let g = -10086 + 10662. Calculate the remainder when g is divided by 149.
129
Let w(g) = -23*g**3 - 13*g**2 - 89*g - 390. Calculate the remainder when w(-5) is divided by 16.
13
Calculate the remainder when 438 is divided by 142376/1443 - 1/(-3).
42
Let p(q) = 13*q**2 - q - 2. Suppose -158*b - 50*b = 47*b - 5865. What is the remainder when p(3) is divided by b?
20
Suppose -3*a = -7*a + 3089 - 377. Calculate the remainder when a is divided by 4.
2
Let c(f) = -8*f - 653. Calculate the remainder when c(-130) is divided by 10.
7
Let k be ((-4 - -2) + 5)/1. Suppose 0 = b + k*o, -2*b + 0*b = 5*o - 2. Let w = 41 - 26. What is the remainder when w is divided by b?
3
Let f(u) = -4*u**2 + 14*u + 15*u**2 - 118 - 7*u**2 - 3*u**2. Calculate the remainder when f(-30) is divided by 37.
29
Let t = 8198 - 8136. What is the remainder when 480 is divided by t?
46
What is the remainder when 507 is divided by 484/33*(-27)/12*-4?
111
Suppose -272*u + 14650 = -267*u. Calculate the remainder when u is divided by 418.
4
Let r(c) = -5*c - 28. Let f be r(-6). Suppose -2*j + 88 = f*j. Calculate the remainder when (-1)/(-2)*(-2 + 136 + -6) is divided by j.
20
Let w = 18 + 51. What is the remainder when -7 + (-4)/(-12)*639 is divided by w?
68
Let y = 331 - 331. Suppose 6*m - 4*m + 10 = y, -4*g + 2*m = -74. Calculate the remainder when 91 is divided by g.
11
Suppose 8*w - 578 = 374. Let z(p) = p**3 + 9*p**2 + 7*p - 6. Let j be z(-8). Suppose 0 = j*i - 22 - 26. What is the remainder when w is divided by i?
23
Let l(q) = -q**2 - 5*q + 3. Suppose 296*t - 20026 = 234*t. What is the remainder when t is divided by l(-3)?
8
Let s = -15 - -32. Suppose -2*j + s = -j - 2*w, 3*j - 2*w - 71 = 0. Let g = 237 + -133. Calculate the remainder when g is divided by j.
23
Suppose -11*u - 21 = -43. What is the remainder when 184 is divided by u*(-1 + -33)/(1 - 5)?
14
Suppose 0 = -o + 4*b - 6, -13*o = -14*o + b. Suppose y - 2*g = -7*g + 48, -o*g + 92 = 3*y. What is the remainder when y is divided by (-156)/(-8) - (-1)/(-2)?
9
Let s = 3043 - 3026. What is the remainder when 1234 is divided by s?
10
Let b = -10277 + 10299. Suppose -3*x = -5*k + 843, 5*k - 53 = -5*x + 782. Calculate the remainder when k is divided by b.
14
Suppose 58*o - 59*o = 2*p - 4, -3*o + 15 = 5*p. Calculate the remainder when (-1 + 9)*6 - 1 is divided by o.
7
Suppose 2*q = 4*z, 10 = 9*q - 4*q - 5*z. What is the remainder when 216 is divided by 5 + (2/q - 594/(-36))?
18
Let g = -456 + 424. Let c = g + 53. Let k = -75 - -112. Calculate the remainder when k is divided by c.
16
Let h(y) = -y**3 + 3*y**2 - 4*y + 7. Let s be h(3). Let o = s + 10. Suppose 0*q = -o*r - q + 22, -4*q - 17 = -r. What is the remainder when 8 is divided by r?
3
Let q = 30 + -26. Suppose 5*y + 67 = q*m + 5, 4*y = -8. Let r = -17 - -40. What is the remainder when r is divided by m?
10
Suppose -35*k = 39*k - 37*k - 439005. Calculate the remainder when k is divided by 43.
40
Let o = 8300 - 8304. Let b = -8 + 3. What is the remainder when 18 is divided by (2 - 3)*b - (-4)/o?
2
Suppose -43*f + 15839 = 5906. What is the remainder when f is divided by 1?
0
Let n(q) = q**3 + 50*q**2 - 104*q + 95. Calculate the remainder when n(-52) is divided by 29.
8
Let c = 224 + -60. What is the remainder when c is divided by 18?
2
What is the remainder when 330 is divided by (-55566)/(-594) - (-6)/(-11)?
51
Suppose 27 = 2*x + x - 3*u, -u + 4 = 0. Suppose 0 = 8*r + 7*r - 750. Calculate the remainder when r is divided by x.
11
Let u be 114*(-13)/(-9)*-3. Let b = u + 685. Calculate the remainder when b is divided by 15.
11
Let q(g) = g**3 + 22*g**2 + 19*g - 111. Calculate the remainder when q(-19) is divided by 89.
77
Suppose 0 = c + 4*o + 36, -9 = -3*c - 5*o - 138. What is the remainder when 6/(c/(-350)) - (-4)/16 is divided by 12?
8
Let z = 55402 - 55248. Suppose 0 = 4*h - 0*c + 3*c - 166, -h - 4*c = -48. Calculate the remainder when z is divided by h.
34
Let h be ((-50)/(-1))/(-1 - 1). Let y = h - -31. Suppose -y*r + 2*r + 432 = 0. What is the remainder when r is divided by 28?
24
Let v be -1 + 2/4 - (-1444)/(-8). Let i = -175 - v. Calculate the remainder when 20 is divided by i.
2
Let d(s) be the first derivative of 2*s**3/3 + 12*s**2 - 26*s - 27. Calculate the remainder when 177 is divided by d(-14).
27
Let d be 11/5 - 5/25. Calculate the remainder when (4 - 1 - 2)/((-1)/(-13)) is divided by 3*2 - (d - 2).
1
Let f = -8 - -147. Suppose 4*x - 5*n + 32 - 9 = 0, 4*x + 5*n = 7. What is the remainder when f is divided by ((-322)/(-23))/((-1)/x)?
27
Let r = 2153 - 642. Suppose -359 = -10*w + r. Calculate the remainder when w is divided by 19.
16
Let h(j) = j**3 + 12*j**2 - 15*j - 18. Let p = -1042 + 1077. What is the remainder when p is divided by h(-13)?
3
Suppose -5*z - 6*z = -4*z. Suppose -5*w + 3*g + 0*g + 79 = z, -3*w = 5*g - 27. What is the remainder when 319 is divided by w?
11
Let v be (40 + -40)/(-1 + 3). Calculate the remainder when ((-11)/4 + v)/(4/(-272)) is divided by 38.
35
Let o be (-123)/39 + (-2)/(-13). Let l(v) = v**3 + 5*v**2 + 8*v + 4. Let r be l(o). What is the remainder when 86 is divided by ((-18)/12)/(3*r/176)?
42
Suppose -3*y + 600 = -2*g, -3*y - 21*g + 570 = -18*g. What is the remainder when y is divided by 99?
97
Let y = 26826 - 26807. What is the remainder when 1624 is divided by y?
9
Let u = -1673 + 2463. Suppose 0 = 791*i - u*i - 13. Calculate the remainder when 164 is divided by i.
8
Suppose 24*m - 